e remainder when 10320 is divided by 206.
20
What is the remainder when 48579 is divided by 37?
35
What is the remainder when 109 is divided by 105?
4
What is the remainder when 2660838 is divided by 130?
128
What is the remainder when 522 is divided by 253?
16
Calculate the remainder when 456 is divided by 213.
30
What is the remainder when 11112 is divided by 38?
16
Calculate the remainder when 65398 is divided by 20.
18
Calculate the remainder when 23697 is divided by 316.
313
Calculate the remainder when 427927 is divided by 201.
199
Calculate the remainder when 2191 is divided by 2147.
44
What is the remainder when 39504 is divided by 18?
12
Calculate the remainder when 901797 is divided by 72.
69
What is the remainder when 72508 is divided by 27?
13
Calculate the remainder when 125421 is divided by 527.
522
What is the remainder when 14559 is divided by 3631?
35
What is the remainder when 1003 is divided by 44?
35
What is the remainder when 117127 is divided by 122?
7
Calculate the remainder when 25747 is divided by 486.
475
Calculate the remainder when 419 is divided by 181.
57
What is the remainder when 319787 is divided by 21?
20
Calculate the remainder when 59241 is divided by 8463.
0
Calculate the remainder when 192779 is divided by 238.
237
Calculate the remainder when 31510 is divided by 442.
128
Calculate the remainder when 23785 is divided by 1398.
19
Calculate the remainder when 11859 is divided by 156.
3
What is the remainder when 510782 is divided by 28?
6
What is the remainder when 53274 is divided by 6658?
10
What is the remainder when 678 is divided by 68?
66
What is the remainder when 18170 is divided by 8917?
336
Calculate the remainder when 1057567 is divided by 19.
8
What is the remainder when 184610 is divided by 92286?
38
What is the remainder when 133761 is divided by 128?
1
Calculate the remainder when 11632 is divided by 2269.
287
What is the remainder when 2111 is divided by 37?
2
Calculate the remainder when 38386 is divided by 19191.
4
What is the remainder when 4888 is divided by 108?
28
Calculate the remainder when 6384 is divided by 78.
66
What is the remainder when 4426 is divided by 348?
250
What is the remainder when 14878 is divided by 68?
54
What is the remainder when 3479 is divided by 2?
1
What is the remainder when 3237 is divided by 159?
57
Calculate the remainder when 44714 is divided by 65.
59
What is the remainder when 324784 is divided by 110?
64
What is the remainder when 2956 is divided by 114?
106
What is the remainder when 84357 is divided by 228?
225
What is the remainder when 28822 is divided by 351?
40
What is the remainder when 3932334 is divided by 60?
54
Calculate the remainder when 19146 is divided by 196.
134
Calculate the remainder when 1639 is divided by 793.
53
Calculate the remainder when 232683 is divided by 1511.
1500
Calculate the remainder when 84 is divided by 39.
6
What is the remainder when 28010 is divided by 5600?
10
What is the remainder when 3673 is divided by 334?
333
What is the remainder when 9578 is divided by 509?
416
Calculate the remainder when 231821 is divided by 3265.
6
Calculate the remainder when 11601 is divided by 94.
39
Calculate the remainder when 362638 is divided by 58.
22
What is the remainder when 51345 is divided by 25?
20
Calculate the remainder when 542933 is divided by 7239.
8
Calculate the remainder when 54871 is divided by 54835.
36
Calculate the remainder when 32169 is divided by 266.
249
Calculate the remainder when 52216 is divided by 13046.
32
Calculate the remainder when 6716 is divided by 705.
371
Calculate the remainder when 298737 is divided by 149368.
1
What is the remainder when 736040 is divided by 996?
992
Calculate the remainder when 120853 is divided by 12083.
23
What is the remainder when 16634 is divided by 16611?
23
Calculate the remainder when 133 is divided by 7.
0
Calculate the remainder when 15496 is divided by 124.
120
Calculate the remainder when 192598 is divided by 214.
212
Calculate the remainder when 45626 is divided by 31.
25
What is the remainder when 161115 is divided by 80551?
13
Calculate the remainder when 2460251 is divided by 35.
31
Calculate the remainder when 1837 is divided by 371.
353
Calculate the remainder when 949724 is divided by 201.
200
What is the remainder when 377412 is divided by 835?
827
Calculate the remainder when 2983 is divided by 778.
649
What is the remainder when 764 is divided by 150?
14
What is the remainder when 1294 is divided by 552?
190
Calculate the remainder when 4420 is divided by 20.
0
Calculate the remainder when 12471 is divided by 47.
16
What is the remainder when 8055 is divided by 202?
177
Calculate the remainder when 10207 is divided by 5083.
41
What is the remainder when 16308 is divided by 66?
6
What is the remainder when 179137 is divided by 845?
842
What is the remainder when 1996066 is divided by 33?
28
What is the remainder when 48632 is divided by 377?
376
Calculate the remainder when 17201 is divided by 4289.
45
What is the remainder when 24794 is divided by 53?
43
What is the remainder when 1796 is divided by 580?
56
What is the remainder when 16784 is divided by 378?
152
What is the remainder when 37025 is divided by 8?
1
Calculate the remainder when 52408 is divided by 3.
1
What is the remainder when 303251 is divided by 19?
11
Calculate the remainder when 3506 is divided by 486.
104
What is the remainder when 110590 is divided by 24?
22
What is the remainder when 1512 is divided by 60?
12
Calculate the remainder when 6015488 is divided by 130.
128
What is the remainder when 54465 is divided by 75?
15
What is the remainder when 284137 is divided by 241?
239
What is the remainder when 6362 is divided by 3178?
6
What is the remainder when 21771 is divided by 862?
221
Calculate the remainder when 11283 is divided by 5638.
7
Calculate the remainder when 1806 is divided by 5.
1
Calculate the remainder when 19279 is divided by 162.
1
What is the remainder when 5667 is divided by 2814?
39
Calculate the remainder when 37864 is divided by 664.
16
Calculate the remainder when 112685 is divided by 267.
11
Calculate the remainder when 5103 is divided by 391.
20
Calculate the remainder when 668988 is divided by 16.
12
What is the remainder when 978 is divided by 26?
16
Calculate the remainder when 47787 is divided by 835.
192
What is the remainder when 4795 is divided by 150?
145
Calculate the remainder when 2246 is divided by 141.
131
Calculate the remainder when 15947 is divided by 158.
147
Calculate the remainder when 931 is divided by 647.
284
Calculate the remainder when 15953 is divided by 3980.
33
What is the remainder when 170495 is divided by 24?
23
What is the remainder when 6398 is divided by 2847?
704
What is the remainder when 1120 is divided by 281?
277
What is the remainder when 14395 is divided by 14394?
1
Calculate the remainder when 272153 is divided by 68036.
9
Calculate the remainder when 839 is divided by 207.
11
Calculate the remainder when 790550 is divided by 790529.
21
What is the remainder when 1853 is divided by 605?
38
What is the remainder when 18827 is divided by 6265?
32
Calculate the remainder when 162200 is divided by 3003.
38
What is the remainder when 2847 is divided by 50?
47
Calculate the remainder when 1407 is divided by 297.
219
What is the remainder when 2849 is divided by 284?
9
Calculate the remainder when 626638 is divided by 373.
371
Calculate the remainder when 23817 is divided by 7924.
45
Calculate the remainder when 2411 is divided by 1050.
311
What is the remainder when 58533 is divided by 976?
949
What is the remainder when 568064 is divided by 439?
437
Calculate the remainder when 13403 is divided by 137.
114
Calculate the remainder when 202617 is divided by 101307.
3
What is the remainder when 11590 is divided by 1098?
610
Calculate the remainder when 28971 is divided by 123.
66
Calculate the remainder when 879907 is divided by 10.
7
Calculate the remainder when 28164 is divided by 1482.
6
Calculate the remainder when 11169 is divided by 4266.
2637
What is the remainder when 93237 is divided by 74?
71
What is the remainder when 2027 is divided by 1991?
36
What is the remainder when 25726 is divided by 12855?
16
What is